 u(d) = d + 32. Let m(q) = -q - 33. Let w(c) = -4*m(c) - 3*u(c). Let g = 724 - 714. Does 20 divide w(g)?
False
Let b = -17197 + 24589. Suppose 0 = -42*w - 2*w + b. Does 24 divide w?
True
Let r = 2039 - 1265. Is r a multiple of 86?
True
Suppose -71 = k - 44. Is 21 + k - (1 + -49) a multiple of 42?
True
Is 34 a factor of (4080/(-64))/(30/(-21920))?
True
Is 131 a factor of 8 + 735/(-90) + 30/(-108)*-96153?
False
Let k(h) = 1145*h**2 + 28*h - 311. Is k(7) a multiple of 36?
False
Let z(t) = -3*t + 6*t**2 - 1 + t**3 - 3 - 5*t. Suppose -330*r + 334*r + 28 = 0. Does 3 divide z(r)?
True
Let d(o) = -o**2 + 9*o - 2. Let u be d(8). Let h be (-136)/51 + (-2)/u. Is 27/(-18)*62/h a multiple of 7?
False
Suppose -184*w + 814 = -186*w. Let l = -128 - w. Is 9 a factor of l?
True
Suppose 321 = 2*h - 265. Suppose 4*a = 2*k + 688, -h = -2*a + 4*k + 45. Suppose -2*p + a = 35. Is 36 a factor of p?
False
Let z(h) = 2*h**2 - 13*h - 1. Let a(j) be the first derivative of -j**3/3 - 5*j**2 - 13*j - 12. Let x be a(-7). Is z(x) a multiple of 3?
False
Suppose 58 - 46 = -2*z. Does 2 divide 50/(-30) + 1 - 184/z?
True
Suppose -7*r - 80 = -6*r. Let k = r + 160. Suppose -3*h = -4*h + k. Does 20 divide h?
True
Let k = -4615 + 5050. Is 29 a factor of k?
True
Let j(l) = -l**2 + 4*l + 1. Let m be j(3). Let k be (-4 + (-112)/(-35))/(m/(-30)). Does 4 divide (-1)/((k/2)/(-24))?
True
Let h be 85/(-510) + ((-5402)/(-12) - -1). Let j = h - 389. Is j a multiple of 31?
True
Suppose -8*z + 3*z - 3*l = 65, 4*z - l + 52 = 0. Let q(g) = g**3 + 15*g**2 + 25*g - 6. Does 2 divide q(z)?
False
Suppose 70753 + 13792 = 5*f. Is f a multiple of 14?
False
Suppose 45 = 16*y - 3. Suppose -4*n + 4 = 0, -y*n = -3*j + j + 1. Is 3 a factor of ((-35)/21*3)/(j/(-4))?
False
Let k = 71 - 53. Suppose 0 = -15*d + k*d - 24. Suppose -2*m = -d*m + 588. Is 9 a factor of m?
False
Let g be (2/(-5))/(96/120)*4. Is 48 a factor of (3 - (g - 67))/((-8)/(-96))?
True
Let q(i) = 603*i + 4009. Does 5 divide q(16)?
False
Let q = 844 + 1623. Suppose -7*m + 725 = -q. Is 24 a factor of m?
True
Does 9 divide ((-636)/5)/(10/(-75))?
True
Is (2444/4)/1 - 13 a multiple of 23?
True
Let p(v) = -3*v. Let s be p(2). Let r be ((-15)/5)/(-9) - (-1094)/s. Let u = -102 - r. Is u a multiple of 10?
True
Let x(k) = 152*k**2 - 4*k - 14. Let w be (-9)/45 - (-45)/(-25). Does 86 divide x(w)?
True
Suppose 28 = 4*r + 4*c, 5*r + c = 22 + 25. Does 21 divide (-4810)/26*(-6)/r?
False
Let g(c) = -2*c**2 + 61*c - 11. Let p(f) = f**3 - f**2 - 2*f. Let l be p(2). Suppose h - 17 = -r + 15, 2*r - 4 = l. Is g(h) a multiple of 17?
False
Let v(a) = -2*a**3 + 48*a**2 + 410*a + 6. Does 2 divide v(-7)?
True
Suppose -2941*r = -2832*r - 147150. Is r a multiple of 45?
True
Suppose 35*n - 32*n = 9. Is 10 a factor of (-18 + n)/((-3)/2)?
True
Suppose 29 = -t - 5*z, -2*t + 3*z - 89 = 3*t. Let m(b) be the second derivative of b**5/20 + 19*b**4/12 - 2*b**3/3 + 10*b**2 - 59*b. Is 24 a factor of m(t)?
True
Let x(h) = -811*h - 3992. Is 10 a factor of x(-11)?
False
Let u = 10 + -7. Let z = -400 + 403. Suppose -u*k + 2*k - z*j = -147, 0 = 4*j. Does 49 divide k?
True
Suppose 978 = 2*f + 2*c - 2098, 2*f + c = 3073. Is f even?
False
Let u = 140 + -128. Suppose -u*f + 1232 = -f. Is f a multiple of 28?
True
Suppose 2*z - 4*o - 1 = 17, -4*z = 5*o - 10. Suppose 11 - 416 = -z*l. Does 9 divide l?
True
Let t = -616 + 1679. Let o = t + -662. Is o a multiple of 7?
False
Let b be 3 + (806/4 - (-2)/(-4)). Suppose -4*j + 5*c + 14 + 11 = 0, 0 = -4*j - 4*c + 16. Suppose -j*a = -7*a + b. Is a a multiple of 34?
True
Suppose 0 = -2*h + 2*n + 18674, -3*n + 10 = -n. Does 18 divide h?
True
Let k(p) = 3*p + 42. Let d be k(-9). Let r = d + 84. Is r a multiple of 4?
False
Suppose -46*y + 45*y + 173 = 0. Suppose -2*o = -3*g - y, -5*g = -g + 4. Is 4 a factor of o?
False
Let d be 1803/12 + (-6)/24. Let h(j) = j**2 - 11*j - 32. Let z be h(13). Let p = d - z. Does 39 divide p?
True
Let t(q) = 8*q**2 + 28*q - 10. Let u(y) = -2*y**2 + 9*y - 7. Let g(l) = 2*l**2 - 8*l + 7. Let v(x) = -3*g(x) - 2*u(x). Let p be v(3). Is 18 a factor of t(p)?
False
Suppose 28 = -p + 33. Suppose 3*v + 0*a - a = 3197, 3*v - p*a - 3205 = 0. Is 44 a factor of v?
False
Suppose i = 4*o + 5904, 4*i + o - 2918 - 20800 = 0. Is i a multiple of 24?
True
Suppose 4*j - 16*z + 24 = -12*z, -3*j - 26 = -5*z. Let l(d) = 0 + 2 + 6*d + 3*d**2 - 15*d**3 + d**2. Is 21 a factor of l(j)?
True
Suppose -3*f = 9*m - 4*m - 3160, -4*f = -5*m + 3195. Let y = 1208 - m. Does 39 divide y?
False
Suppose 11*i - 2*i - 9675 = 0. Suppose 5*h + 263 = 12*m - 11*m, -4*m - 3*h = -i. Does 3 divide m?
False
Let c(b) = -b**3 + 33*b**2 + 67*b + 113. Let w be c(35). Let z(f) = f + 4. Let i be z(-6). Does 4 divide (-6)/i + 40/w?
True
Is 30 a factor of (-1)/(16/(-9456)) + 9?
True
Let w be 104/17 + (-4)/34. Suppose -w = -5*s + 4. Suppose s*h + 5*d - 3*d - 58 = 0, 4*h + 2*d - 106 = 0. Does 16 divide h?
False
Does 45 divide (20140/(-15))/((-40)/180) + -12?
True
Let k(g) = 53*g**2 - 2*g - 5*g + 6 - 49*g**2. Suppose r + 3*r - 16 = 0. Is 21 a factor of k(r)?
True
Let t = 64 + -300. Let y = t + 761. Is y a multiple of 15?
True
Suppose 15*j - 10*j - 395 = 0. Let l be 76/(4/1) + 4. Let c = j + l. Does 34 divide c?
True
Let h(f) = 1. Let k(i) = 19*i + 42. Let a(q) = -5*h(q) - k(q). Does 3 divide a(-8)?
True
Let r be 5/2*(-32)/40 - 1009. Is 7 + 6 + r/(-3) a multiple of 50?
True
Let y be 8/36 + (-952)/(-9). Let o = y + -77. Let s = -14 + o. Is s a multiple of 15?
True
Let i be (-18)/4*16/(-12). Let w(o) = 2*o**2 - 10*o - 12. Let d be w(i). Suppose d = -5*q - 5 - 10, 2*q + 591 = 5*s. Is s a multiple of 20?
False
Suppose 110 = a - 110. Suppose a = 5*x - 3*s, -x + 2*s + 36 = 3*s. Suppose -5*j = -5*l - 125, -2*j = -4*l - l - x. Does 14 divide j?
True
Let d(x) = -x**3 + 4*x**2 + 22*x - 3. Let y be d(7). Suppose -y*l + 2294 + 3954 = 0. Is 22 a factor of l?
True
Let k(w) = w**3 + 6*w**2 + 7*w - 1. Suppose -4*b - 3*l = 0, -b + 3*l - 2 - 13 = 0. Let f be k(b). Suppose 6*i - f*i = 112. Is 14 a factor of i?
True
Let n be 3 + (-3 - -117) + (-3)/(-1). Let j = 165 - n. Suppose -15*b + 14*b = -j. Is b a multiple of 7?
False
Let x(q) = 2*q**3 - 7*q**2 - 4*q + 9. Let u be 204/9 - 4/(-3). Suppose -23*j = -u*j + 5. Is x(j) a multiple of 8?
True
Let t(x) = x**3 + x**2 + 2*x + 98. Let p be 7*4/14 - 2. Does 11 divide t(p)?
False
Let o(u) = -2*u**3 + 36*u**2 - 5*u + 27. Let s be o(18). Let a = 159 + s. Is a a multiple of 32?
True
Let m(o) = -o**3 + 10*o**2 + 8*o + 1. Let n be m(11). Let d = -12 - n. Let v = d + 112. Is v a multiple of 6?
True
Let j(t) = 15*t**2 + 36*t + 1. Let b(x) = 15*x**2 + 34*x + 2. Let q(i) = 7*b(i) - 6*j(i). Is 16 a factor of q(-6)?
True
Is (50/(-3))/((-155)/69750) a multiple of 125?
True
Let z be (10/5 - 7)*(-98)/10. Suppose -4*c = -2*n - 582, -2*n - 243 = -2*c + z. Is 27 a factor of c?
False
Suppose 0 = -t - 21*t + t + 51030. Is t even?
True
Does 162 divide -5 - (-11027 + 96/16)?
True
Let u = -106 + -51. Let j = u + 227. Does 5 divide j?
True
Let l be (-12)/(-8)*14/(-1). Is (-6183)/l - (-10)/35*2 a multiple of 59?
True
Let r(j) = j**3 - 16*j**2 + 40*j - 42. Is r(14) a multiple of 4?
False
Suppose -4*t + 29 = u, -t = -u + 2*t - 6. Let y(s) = s - s**3 + s - u - 3*s - 5*s - 17*s**2. Is 17 a factor of y(-17)?
False
Suppose 10*f - 22*f = -14160. Suppose -4*z = -5*c - 2329, 3*c + f - 4045 = -5*z. Is 96 a factor of z?
True
Let o be 25/5 + (-4 - -3). Let c(d) = 91*d - 9. Let n be c(o). Let f = n - 206. Is f a multiple of 12?
False
Let z be 12/(-10)*300/(-45). Suppose -10*c - z*c = -4122. Is 47 a factor of c?
False
Let p(x) = -38*x**3 + 3*x**2 - 6*x + 4. Let q be p(-4). Suppose 29*b - 40*b + q = 0. Is 61 a factor of b?
False
Let u(b) = b**2 + 9*b - 33. Let r be u(-14). Suppose -52 = -3*d - r. Is d a multiple of 2?
False
Suppose v - 11 = -4*u + 3, -5*v = 10. Suppose 5*z = u*d + 8770 - 1168, -z - 4*d = -1530. Is 92 a factor of z?
False
Suppose 2*h - 3*l + 2*l = 1, -2*l - 16 = 3*h. Let q = h - -4. Is 13 a factor of 114 + (1/q)/((-2)/12)?
False
Let l(m) = -140*m**3 - m. Let p be l(-1). Let s be (-1)/((-12)/10 - (-1652)/1360). Let n = s + p. Is 11 a factor of n?
False
Suppose -8*h - 130 = 494. Is (-4060)/6*h/52 a multiple of 35?
True
Let p(u) = u**2 + 4*u + u**3 + 3 - 8*u**2 + 0*u**2. Let t be p(4). Let 